{"id":9421,"date":"2026-04-09T10:22:44","date_gmt":"2026-04-09T13:22:44","guid":{"rendered":"https:\/\/www.hospitaldeclinicas.uba.ar\/?page_id=9421"},"modified":"2026-04-09T10:22:45","modified_gmt":"2026-04-09T13:22:45","slug":"rosacea-estrategias-para-cuidar-la-piel-antes-de-la-llegada-del-frio","status":"publish","type":"page","link":"https:\/\/www.hospitaldeclinicas.uba.ar\/?page_id=9421","title":{"rendered":"Ros\u00e1cea: estrategias para cuidar la piel antes de la llegada del fr\u00edo"},"content":{"rendered":"\n<p><strong>Se trata de una enfermedad subestimada seg\u00fan los especialistas del hospital-escuela de la UBA. Cerca del 50% de los pacientes con ros\u00e1cea presenta s\u00edntomas en los ojos. Con la baja de las temperaturas, la enfermedad suele empeorar.&nbsp;<\/strong><\/p>\n\n\n\n<p>El Hospital de Cl\u00ednicas de la Universidad de Buenos Aires ofrecer\u00e1 el pr\u00f3ximo 15 de abril a las 11 h un taller dirigido a personas con ros\u00e1cea, una enfermedad inflamatoria cr\u00f3nica de la piel que se manifiesta con enrojecimiento facial persistente, ardor, brotes, vasos visibles y lesiones similares al acn\u00e9.<\/p>\n\n\n\n<p>Con la llegada del invierno, los s\u00edntomas suelen intensificarse, ya que las bajas temperaturas afectan la barrera protectora de la piel, favoreciendo la sequedad y la irritaci\u00f3n.<\/p>\n\n\n\n<p><em>\u201cEl fr\u00edo puede reducir la actividad de las gl\u00e1ndulas seb\u00e1ceas, disminuyendo la producci\u00f3n de sebo y l\u00edpidos, lo que compromete la barrera protectora de la piel y facilita la p\u00e9rdida de humedad. Adem\u00e1s, los cambios bruscos de temperatura, como pasar de ambientes fr\u00edos a interiores calefaccionados, generan vasodilataci\u00f3n reactiva, lo que puede exacerbar el enrojecimiento y los brotes de ros\u00e1cea. Tambi\u00e9n influyen factores como la mayor oclusi\u00f3n de la piel (por bufandas o ropa de abrigo) y el uso de productos cosm\u00e9ticos inadecuados para el invierno, que pueden irritar a\u00fan m\u00e1s la piel sensible\u201d,<\/em> explica la Dra. Graciela Manzur, jefa de Divisi\u00f3n Dermatolog\u00eda del Hospital de Cl\u00ednicas (MN 63.141).<\/p>\n\n\n\n<p>A su vez, se estima que cerca del 50% de los pacientes con ros\u00e1cea presenta s\u00edntomas en los ojos, como sequedad, enrojecimiento, ardor, lagrimeo y sensibilidad a la luz, que pueden agravarse en invierno por el viento y el aire seco.<\/p>\n\n\n\n<p>Durante el taller, que estar\u00e1 a cargo de dermat\u00f3logos y oftalm\u00f3logos especialistas en ros\u00e1cea, se compartir\u00e1n recomendaciones pr\u00e1cticas para el cuidado diario de la piel y los ojos, con el objetivo de mejorar la calidad de vida de quienes conviven con esta patolog\u00eda.<\/p>\n\n\n\n<p>La actividad requiere inscripci\u00f3n previa a trav\u00e9s de <a href=\"https:\/\/docs.google.com\/forms\/d\/e\/1FAIpQLSc-jh3gHmFcr_-ys2mk5MWIEo4fTbp9kKIwC_ZTnxk8zCTlzA\/viewform\" target=\"_blank\" rel=\"noreferrer noopener\">este link<\/a> y se realizar\u00e1 en el Aula Avi\u00f3n del Hospital de Cl\u00ednicas (Av. C\u00f3rdoba 2351, 4\u00b0 piso, CABA).<\/p>\n","protected":false},"excerpt":{"rendered":"<p>Se trata de una enfermedad subestimada seg\u00fan los especialistas del hospital-escuela de la UBA. Cerca del 50% de los pacientes con ros\u00e1cea presenta s\u00edntomas en los ojos. Con la baja de las temperaturas, la enfermedad suele empeorar.&nbsp; El Hospital de Cl\u00ednicas de la Universidad de Buenos Aires ofrecer\u00e1 el pr\u00f3ximo 15 de abril a las&hellip;<\/p>\n","protected":false},"author":6,"featured_media":0,"parent":0,"menu_order":0,"comment_status":"closed","ping_status":"closed","template":"","meta":{"footnotes":""},"class_list":["post-9421","page","type-page","status-publish","hentry"],"aioseo_notices":[],"_links":{"self":[{"href":"https:\/\/www.hospitaldeclinicas.uba.ar\/index.php?rest_route=\/wp\/v2\/pages\/9421","targetHints":{"allow":["GET"]}}],"collection":[{"href":"https:\/\/www.hospitaldeclinicas.uba.ar\/index.php?rest_route=\/wp\/v2\/pages"}],"about":[{"href":"https:\/\/www.hospitaldeclinicas.uba.ar\/index.php?rest_route=\/wp\/v2\/types\/page"}],"author":[{"embeddable":true,"href":"https:\/\/www.hospitaldeclinicas.uba.ar\/index.php?rest_route=\/wp\/v2\/users\/6"}],"replies":[{"embeddable":true,"href":"https:\/\/www.hospitaldeclinicas.uba.ar\/index.php?rest_route=%2Fwp%2Fv2%2Fcomments&post=9421"}],"version-history":[{"count":1,"href":"https:\/\/www.hospitaldeclinicas.uba.ar\/index.php?rest_route=\/wp\/v2\/pages\/9421\/revisions"}],"predecessor-version":[{"id":9422,"href":"https:\/\/www.hospitaldeclinicas.uba.ar\/index.php?rest_route=\/wp\/v2\/pages\/9421\/revisions\/9422"}],"wp:attachment":[{"href":"https:\/\/www.hospitaldeclinicas.uba.ar\/index.php?rest_route=%2Fwp%2Fv2%2Fmedia&parent=9421"}],"curies":[{"name":"wp","href":"https:\/\/api.w.org\/{rel}","templated":true}]}}