{"id":8902,"date":"2025-09-10T10:41:43","date_gmt":"2025-09-10T13:41:43","guid":{"rendered":"https:\/\/www.hospitaldeclinicas.uba.ar\/?page_id=8902"},"modified":"2025-09-10T10:41:43","modified_gmt":"2025-09-10T13:41:43","slug":"dolor-de-cabeza-y-automedicacion-una-combinacion-peligrosa","status":"publish","type":"page","link":"https:\/\/www.hospitaldeclinicas.uba.ar\/?page_id=8902","title":{"rendered":"Dolor de cabeza y automedicaci\u00f3n: una combinaci\u00f3n peligrosa"},"content":{"rendered":"\n<p><strong>La migra\u00f1a afecta a 1 de cada 10 personas a escala global y desde el Hospital de Cl\u00ednicas de la UBA advierten que el uso de medicamentos sin orientaci\u00f3n m\u00e9dica puede ser parte del problema.&nbsp;<\/strong><\/p>\n\n\n\n<p>De acuerdo con una <a href=\"https:\/\/pmc.ncbi.nlm.nih.gov\/articles\/PMC11751287\/\">publicaci\u00f3n cient\u00edfica<\/a> reciente, la carga mundial de migra\u00f1a, un tipo de cefalea que afecta mayormente a personas de entre 20 y 40 a\u00f1os, viene aumentando en las \u00faltimas cuatro d\u00e9cadas. Actualmente afecta al 14,24% de los habitantes del planeta, seg\u00fan se desprende del art\u00edculo. Las proyecciones a futuro no resultan alentadoras: \u201cel an\u00e1lisis predictivo sugiere que la prevalencia continuar\u00e1 aumentando hasta 2050, particularmente entre los hombres y los adolescentes\u201d, anticipan sus autores.<\/p>\n\n\n\n<p>Con el foco puesto en la prevenci\u00f3n, desde el Cl\u00ednicas advierten que cada vez m\u00e1s personas toman la iniciativa de automedicarse para aliviar molestias, incluyendo dolores de cabeza. \u201cEl abuso de medicamentos puede, ir\u00f3nicamente, causar m\u00e1s dolores de cabeza. A este fen\u00f3meno se le llama <strong>\u00abcefalea por abuso de analg\u00e9sicos\u201d, la cual dificulta mucho el tratamiento de la migra\u00f1a\u201d<\/strong>, asegura el doctor Daniel Gestro (MN 97150), de la Divisi\u00f3n Neurolog\u00eda del hospital.&nbsp;<\/p>\n\n\n\n<p>Dentro de las <strong>principales causas de dolor<\/strong>, el especialista se\u00f1ala \u201ccuestiones muy variadas, que van desde cambios bruscos de temperatura (calor intenso), presi\u00f3n barom\u00e9trica o altitud, hasta est\u00edmulos sensoriales intensos (luces brillantes, ruidos fuertes, aromas intensos: perfumes, sahumerios, solventes, etc.)\u201d. Ahora bien,<strong> el riesgo de cefalea por abuso de analg\u00e9sicos aumenta<\/strong> cuando la persona toma medicamentos de venta libre como paracetamol o ibuprofeno por m\u00e1s de 15 d\u00edas al mes, o aquellos espec\u00edficos para la migra\u00f1a (como la ergotamina y triptanes) durante m\u00e1s de 10 d\u00edas al mes, por fuera de la indicaci\u00f3n de un especialista, como explican desde el nosocomio.&nbsp;<\/p>\n\n\n\n<p>\u201cEs importante anotar en un almanaque los d\u00edas que duele la cabeza y la cantidad de analg\u00e9sicos que toma. Si son m\u00e1s de seis al mes, se recomienda consultar. <strong>Un tratamiento efectivo se basa en lograr que el consumo de analg\u00e9sicos disminuya a un nivel adecuado para el dolor de base y en utilizar ciertos medicamentos que act\u00faan como moduladores de dolor <\/strong>y ayudan a que \u00e9ste ceda en forma progresiva\u201d, sostiene el especialista.&nbsp;<\/p>\n\n\n\n<p>Actualmente existen tratamientos que act\u00faan directamente sobre el <strong>CGRP <\/strong>(una prote\u00edna clave en el desarrollo de la migra\u00f1a),<strong> <\/strong>o sus receptores. Se utilizan nuevos f\u00e1rmacos como los<strong> anticuerpos monoclonales<\/strong>, medicamentos inyectables que se administran para prevenir las crisis, y los <strong>gepantes<\/strong>, que se administran por v\u00eda oral. Ambos deben ser indicados por el profesional actuante.<\/p>\n\n\n\n<p>Si bien como medida preventiva del dolor se recomienda comer saludablemente, a intervalos parejos, hacer una actividad f\u00edsica aer\u00f3bica diaria y dentro de la misma franja horaria, los especialistas indican que <strong>se debe consultar al m\u00e9dico cuando:<\/strong><\/p>\n\n\n\n<ul class=\"wp-block-list\">\n<li>El dolor de cabeza es repentino y severo<\/li>\n\n\n\n<li>Afecta siempre un mismo lado de la cabeza<\/li>\n\n\n\n<li>Se localiza en un ojo o est\u00e1 precedido por trastornos visuales<\/li>\n\n\n\n<li>Si la persona presenta sensaci\u00f3n de hormigueos en alguna parte del cuerpo o dificultades en el habla\u00a0<\/li>\n\n\n\n<li>Si el dolor se asocia con confusi\u00f3n o desmayos<\/li>\n\n\n\n<li>Si empeora en frecuencia o duraci\u00f3n<\/li>\n\n\n\n<li>Si interfiere en la actividad diaria<\/li>\n<\/ul>\n\n\n\n<p>El 16 y 17 de septiembre se llevar\u00e1 a cabo una campa\u00f1a abierta de atenci\u00f3n a personas mayores de 18 a\u00f1os con s\u00edntomas de cefalea en el Cl\u00ednicas (Av. C\u00f3rdoba 2351, CABA). Los interesados deber\u00e1n solicitar turno previamente al correo <a href=\"mailto:neurologia.hospitaldeclinicas95@yahoo.com\">neurologia.hospitaldeclinicas95@yahoo.com<\/a>. Cupos limitados.<\/p>\n","protected":false},"excerpt":{"rendered":"<p>La migra\u00f1a afecta a 1 de cada 10 personas a escala global y desde el Hospital de Cl\u00ednicas de la UBA advierten que el uso de medicamentos sin orientaci\u00f3n m\u00e9dica puede ser parte del problema.&nbsp; De acuerdo con una publicaci\u00f3n cient\u00edfica reciente, la carga mundial de migra\u00f1a, un tipo de cefalea que afecta mayormente a&hellip;<\/p>\n","protected":false},"author":6,"featured_media":0,"parent":0,"menu_order":0,"comment_status":"closed","ping_status":"closed","template":"","meta":{"footnotes":""},"class_list":["post-8902","page","type-page","status-publish","hentry"],"aioseo_notices":[],"_links":{"self":[{"href":"https:\/\/www.hospitaldeclinicas.uba.ar\/index.php?rest_route=\/wp\/v2\/pages\/8902","targetHints":{"allow":["GET"]}}],"collection":[{"href":"https:\/\/www.hospitaldeclinicas.uba.ar\/index.php?rest_route=\/wp\/v2\/pages"}],"about":[{"href":"https:\/\/www.hospitaldeclinicas.uba.ar\/index.php?rest_route=\/wp\/v2\/types\/page"}],"author":[{"embeddable":true,"href":"https:\/\/www.hospitaldeclinicas.uba.ar\/index.php?rest_route=\/wp\/v2\/users\/6"}],"replies":[{"embeddable":true,"href":"https:\/\/www.hospitaldeclinicas.uba.ar\/index.php?rest_route=%2Fwp%2Fv2%2Fcomments&post=8902"}],"version-history":[{"count":1,"href":"https:\/\/www.hospitaldeclinicas.uba.ar\/index.php?rest_route=\/wp\/v2\/pages\/8902\/revisions"}],"predecessor-version":[{"id":8903,"href":"https:\/\/www.hospitaldeclinicas.uba.ar\/index.php?rest_route=\/wp\/v2\/pages\/8902\/revisions\/8903"}],"wp:attachment":[{"href":"https:\/\/www.hospitaldeclinicas.uba.ar\/index.php?rest_route=%2Fwp%2Fv2%2Fmedia&parent=8902"}],"curies":[{"name":"wp","href":"https:\/\/api.w.org\/{rel}","templated":true}]}}

Dolor de cabeza y automedicación: una combinación peligrosa

<p><strong>La migraña afecta a 1 de cada 10 personas a escala global y desde el Hospital de Clínicas de la UBA advierten que el uso de medicamentos sin orientación médica puede ser parte del problema.&nbsp;</strong></p>



<p>De acuerdo con una <a href="https://pmc.ncbi.nlm.nih.gov/articles/PMC11751287/">publicación científica</a> reciente, la carga mundial de migraña, un tipo de cefalea que afecta mayormente a personas de entre 20 y 40 años, viene aumentando en las últimas cuatro décadas. Actualmente afecta al 14,24% de los habitantes del planeta, según se desprende del artículo. Las proyecciones a futuro no resultan alentadoras: “el análisis predictivo sugiere que la prevalencia continuará aumentando hasta 2050, particularmente entre los hombres y los adolescentes”, anticipan sus autores.</p>



<p>Con el foco puesto en la prevención, desde el Clínicas advierten que cada vez más personas toman la iniciativa de automedicarse para aliviar molestias, incluyendo dolores de cabeza. “El abuso de medicamentos puede, irónicamente, causar más dolores de cabeza. A este fenómeno se le llama <strong>«cefalea por abuso de analgésicos”, la cual dificulta mucho el tratamiento de la migraña”</strong>, asegura el doctor Daniel Gestro (MN 97150), de la División Neurología del hospital.&nbsp;</p>



<p>Dentro de las <strong>principales causas de dolor</strong>, el especialista señala “cuestiones muy variadas, que van desde cambios bruscos de temperatura (calor intenso), presión barométrica o altitud, hasta estímulos sensoriales intensos (luces brillantes, ruidos fuertes, aromas intensos: perfumes, sahumerios, solventes, etc.)”. Ahora bien,<strong> el riesgo de cefalea por abuso de analgésicos aumenta</strong> cuando la persona toma medicamentos de venta libre como paracetamol o ibuprofeno por más de 15 días al mes, o aquellos específicos para la migraña (como la ergotamina y triptanes) durante más de 10 días al mes, por fuera de la indicación de un especialista, como explican desde el nosocomio.&nbsp;</p>



<p>“Es importante anotar en un almanaque los días que duele la cabeza y la cantidad de analgésicos que toma. Si son más de seis al mes, se recomienda consultar. <strong>Un tratamiento efectivo se basa en lograr que el consumo de analgésicos disminuya a un nivel adecuado para el dolor de base y en utilizar ciertos medicamentos que actúan como moduladores de dolor </strong>y ayudan a que éste ceda en forma progresiva”, sostiene el especialista.&nbsp;</p>



<p>Actualmente existen tratamientos que actúan directamente sobre el <strong>CGRP </strong>(una proteína clave en el desarrollo de la migraña),<strong> </strong>o sus receptores. Se utilizan nuevos fármacos como los<strong> anticuerpos monoclonales</strong>, medicamentos inyectables que se administran para prevenir las crisis, y los <strong>gepantes</strong>, que se administran por vía oral. Ambos deben ser indicados por el profesional actuante.</p>



<p>Si bien como medida preventiva del dolor se recomienda comer saludablemente, a intervalos parejos, hacer una actividad física aeróbica diaria y dentro de la misma franja horaria, los especialistas indican que <strong>se debe consultar al médico cuando:</strong></p>



<ul class="wp-block-list">
<li>El dolor de cabeza es repentino y severo</li>



<li>Afecta siempre un mismo lado de la cabeza</li>



<li>Se localiza en un ojo o está precedido por trastornos visuales</li>



<li>Si la persona presenta sensación de hormigueos en alguna parte del cuerpo o dificultades en el habla </li>



<li>Si el dolor se asocia con confusión o desmayos</li>



<li>Si empeora en frecuencia o duración</li>



<li>Si interfiere en la actividad diaria</li>
</ul>



<p>El 16 y 17 de septiembre se llevará a cabo una campaña abierta de atención a personas mayores de 18 años con síntomas de cefalea en el Clínicas (Av. Córdoba 2351, CABA). Los interesados deberán solicitar turno previamente al correo <a href="mailto:neurologia.hospitaldeclinicas95@yahoo.com">neurologia.hospitaldeclinicas95@yahoo.com</a>. Cupos limitados.</p>

<p>La migraña afecta a 1 de cada 10 personas a escala global y desde el Hospital de Clínicas de la UBA advierten que el uso de medicamentos sin orientación médica puede ser parte del problema.&nbsp; De acuerdo con una publicación científica reciente, la carga mundial de migraña, un tipo de cefalea que afecta mayormente a&hellip;</p>
