{"id":8774,"date":"2025-08-13T12:07:28","date_gmt":"2025-08-13T15:07:28","guid":{"rendered":"https:\/\/www.hospitaldeclinicas.uba.ar\/?page_id=8774"},"modified":"2025-08-13T12:07:29","modified_gmt":"2025-08-13T15:07:29","slug":"presente-y-futuro-de-la-piel-de-los-argentinos","status":"publish","type":"page","link":"https:\/\/www.hospitaldeclinicas.uba.ar\/?page_id=8774","title":{"rendered":"Presente y futuro de la piel de los argentinos"},"content":{"rendered":"\n<ul class=\"wp-block-list\">\n<li><strong>Hasta un 30% de las consultas dermatol\u00f3gicas tienen un componente asociado al estr\u00e9s, la ansiedad y otras condiciones emocionales.<\/strong><\/li>\n\n\n\n<li><strong>Los problemas cut\u00e1neos m\u00e1s frecuentes son dermatitis at\u00f3pica, psoriasis, acn\u00e9, ros\u00e1cea, c\u00e1ncer de piel y micosis superficiales.<\/strong><\/li>\n\n\n\n<li><strong>La IA est\u00e1 mejorando la detecci\u00f3n y el control del c\u00e1ncer y otros problemas. Se espera una mayor personalizaci\u00f3n de los tratamientos en los pr\u00f3ximos a\u00f1os.<\/strong><\/li>\n<\/ul>\n\n\n\n<p>En un contexto de sobreinformaci\u00f3n y <em>fake news<\/em>, desde el Hospital de Cl\u00ednicas de la UBA hacen un llamado a la poblaci\u00f3n para que haga sus consultas en centros de salud peri\u00f3dicamente, y adem\u00e1s, le d\u00e9 importancia a la fotoprotecci\u00f3n diaria, la higiene suave, la hidrataci\u00f3n adecuada, evite el tabaco, tenga una dieta balanceada y controle su estr\u00e9s como medidas b\u00e1sicas para cuidar su piel. Esto sucede a pocos d\u00edas de la llegada de las IV Jornadas Intensivas de Dermatolog\u00eda del Hospital de Cl\u00ednicas de la UBA.<\/p>\n\n\n\n<p>La Dra. Graciela Manzur (MN 63.141), Jefa de la Divisi\u00f3n de Dermatolog\u00eda de la instituci\u00f3n, directora de su Centro de Investigaci\u00f3n en Genodermatosis y Epiderm\u00f3lisis Ampollar (CEDIGEA), preside estas jornadas donde expertos de nuestro pa\u00eds y del exterior hablar\u00e1n de los temas m\u00e1s importantes sobre la piel, abarcando desde las patolog\u00edas m\u00e1s masivas hasta enfermedades poco frecuentes y de alta complejidad; desde los desaf\u00edos de hoy en el diagn\u00f3stico, hasta el uso de la IA en la dermatolog\u00eda y los tratamientos del futuro.<\/p>\n\n\n\n<p><strong>Problemas y errores m\u00e1s habituales&nbsp;<\/strong><\/p>\n\n\n\n<p>En este marco, la m\u00e9dica menciona <strong>los errores m\u00e1s comunes que comete la gente en relaci\u00f3n a su piel: \u201c<\/strong>Automedicarse, asistir a las farmacias en b\u00fasqueda de diagn\u00f3sticos y prescripciones en vez de ir a la consulta m\u00e9dica, utilizar medicaciones viejas para problemas nuevos que confunden como id\u00e9nticos a episodios pasados, o utilizar medicaciones que alguien m\u00e1s les recomend\u00f3 por experiencia personal. Manipular las lesiones, abusar de exfoliantes, no usar protector solar en d\u00edas nublados y confiar exclusivamente en \u201ctips\u201d de redes sociales. Tenemos que aprender a buscar informaci\u00f3n confiable y consultar a nuestros centros de referencia\u201d.&nbsp;<\/p>\n\n\n\n<p>Actualmente, los <strong>problemas cut\u00e1neos m\u00e1s frecuentes en nuestro pa\u00ed<\/strong>s son: \u201cdermatitis at\u00f3pica, que est\u00e1 en aumento probablemente debido a la urbanizaci\u00f3n y el incremento en los alergenos ambientales; psoriasis, que se encuentra en un 2 a 3% de la poblaci\u00f3n; acn\u00e9 y ros\u00e1cea, asociados a h\u00e1bitos, alimentaci\u00f3n y estr\u00e9s; c\u00e1ncer de piel, en ascenso por exposici\u00f3n solar acumulativa y\/o intermitente sin la protecci\u00f3n adecuada; y micosis superficiales, favorecidas por el clima y h\u00e1bitos higi\u00e9nicos variable como una limpieza deficiente de las herramientas de corte en las barber\u00edas y peluquer\u00edas\u201d.<\/p>\n\n\n\n<p><strong>Amenazas crecientes: ETS y problemas de salud mental<\/strong><\/p>\n\n\n\n<p>Sin embargo, otros problemas avanzan. As\u00ed como han aumentado los <a href=\"https:\/\/www.who.int\/es\/news-room\/fact-sheets\/detail\/sexually-transmitted-infections-(stis)#:~:text=Cada%20d%C3%ADa%2C%20m%C3%A1s%20de%20un%20mill%C3%B3n%20de%20personas%20contraen%20una,y%20tricomoniasis%20(156%20millones).\">casos de enfermedades de transmisi\u00f3n sexual<\/a> (ETS) y otras infecciones que estaban m\u00e1s controladas, han aumentado tambi\u00e9n los problemas de salud cut\u00e1nea. Manzur sostiene que crecieron \u201c<strong>especialmente las infecciones cut\u00e1neas virales y bacterianas, algunas asociadas a la reemergencia de ETS como s\u00edfilis y herpes genital. <\/strong>La globalizaci\u00f3n, cambios en conductas sexuales y menor percepci\u00f3n de riesgo influyen en este incremento. Muchas veces a trav\u00e9s de la detecci\u00f3n de una ETS realizamos un screening y encontramos otras enfermedades que podr\u00edan haberse contagiado y el paciente desconoc\u00eda\u201d.<\/p>\n\n\n\n<p>Por otra parte, la salud emocional representa un desaf\u00edo cada vez mayor tambi\u00e9n para el cuidado de la piel. <a href=\"https:\/\/www.argentina.gob.ar\/salud\/mental-y-adicciones\/que-es\">Seg\u00fan el Ministerio de Salud<\/a>, en Argentina, 1 de cada 3 personas presenta un problema de salud mental a partir de los 20 a\u00f1os. Las problem\u00e1ticas m\u00e1s frecuentes son los trastornos de ansiedad, del estado de \u00e1nimo y los problemas por consumo de sustancias. <a href=\"https:\/\/www.voicesconsultancy.com\/Prensa\/Estudio-global-revela-las-alarmantes-cifras-de-estres-en-la-Argentina\">Un estudio<\/a> de Voices indica que Argentina se encuentra entre los pa\u00edses con peor evaluaci\u00f3n de su nivel de estr\u00e9s.<\/p>\n\n\n\n<p>Desde el Cl\u00ednicas, Manzur comenta que \u201c<strong>hasta un 30% de las consultas dermatol\u00f3gicas presentan un componente psicosom\u00e1tico significativo que influye en la aparici\u00f3n, evoluci\u00f3n o persistencia de la enfermedad<\/strong>. La gen\u00e9tica define predisposiciones, como en la psoriasis o la dermatitis at\u00f3pica. Sin embargo, el estr\u00e9s, la ansiedad y otras condiciones emocionales pueden actuar como desencadenantes o agravantes. En las genodermatosis por ejemplo, el peso de los factores gen\u00e9ticos es muy distinto al de la mayor\u00eda de las dermatosis comunes, pues \u00e9ste es el determinante principal. No obstante, lo emocional puede influir de forma secundaria en la evoluci\u00f3n y calidad de vida. El estr\u00e9s, la depresi\u00f3n o ansiedad no desencadenan las genodermatosis, pero pueden agravar s\u00edntomas, aumentar el prurito, dificultar la adherencia al tratamiento o empeorar la percepci\u00f3n del dolor\u201d.<\/p>\n\n\n\n<p><strong>La microbiota cut\u00e1nea<\/strong><\/p>\n\n\n\n<p>Proteger y fortalecer la microbiota cut\u00e1nea implica mantener el equilibrio y diversidad de microorganismos beneficiosos que act\u00faan como defensa natural y moduladores del sistema inmune. \u201cPara ello, se recomienda usar limpiadores suaves con pH fisiol\u00f3gico, evitar duchas prolongadas y muy calientes, e hidratar la piel diariamente con emolientes ricos en ceramidas y \u00e1cidos grasos. Es clave limitar el uso de antibi\u00f3ticos y antis\u00e9pticos en piel sana, as\u00ed como adoptar h\u00e1bitos saludables como una dieta rica en fibra, ejercicio regular, buen descanso y control del estr\u00e9s. Tambi\u00e9n se pueden incorporar probi\u00f3ticos y prebi\u00f3ticos t\u00f3picos u orales, y reducir agresiones externas mediante fotoprotecci\u00f3n, ropa adecuada y menor exposici\u00f3n a contaminantes\u201d, sostiene Manzur, que anticipa que en las jornadas se compartir\u00e1 evidencia sobre el uso de probi\u00f3ticos en acn\u00e9 y psoriasis, \u00e1reas donde la investigaci\u00f3n est\u00e1 abriendo nuevas oportunidades terap\u00e9uticas.<\/p>\n\n\n\n<p><br><strong>La IA en la salud de la piel y el futuro de la salud de los tratamientos<\/strong><\/p>\n\n\n\n<p>L<strong>a Inteligencia Artificial est\u00e1 mejorando la detecci\u00f3n temprana de c\u00e1ncer de piel, la clasificaci\u00f3n de lesiones y el seguimiento fotogr\u00e1fico a largo plazo.<\/strong> Manzur aclara que: \u201cNunca suplantar\u00e1 al dermat\u00f3logo, pero quienes no aprendan a potenciar sus habilidades con ellas quedar\u00e1n francamente en desventaja. La ecograf\u00eda cut\u00e1nea, que utiliza esta tecnolog\u00eda, permite evaluar profundidad y relaci\u00f3n con otros tejidos de lesiones, para guiar tratamientos y disminuir el riesgo de complicaciones. En s\u00edntesis todas estas herramientas potencian la capacidad de decisi\u00f3n del especialista\u201d.<\/p>\n\n\n\n<p>Con respecto al <strong>futuro de la dermatolog\u00eda,<\/strong> <strong>ser\u00e1 cada vez m\u00e1s preventiva, predictiva y personalizada. <\/strong>La m\u00e9dica anticipa que \u201cel futuro combinar\u00e1 precisi\u00f3n diagn\u00f3stica y terapias personalizadas. Terapia g\u00e9nica y edici\u00f3n gen\u00e9tica para epiderm\u00f3lisis ampollosa, ictiosis y otras genodermatosis. Terapias dirigidas y biol\u00f3gicos cada vez m\u00e1s espec\u00edficas, con menos efectos adversos y mayor eficacia, por ejemplo en psoriasis, dermatitis at\u00f3pica, hidradenitis supurativa. Uso de matrices d\u00e9rmicas, bioimpresi\u00f3n 3D de piel y c\u00e9lulas madre para quemaduras y \u00falceras complejas\u201d.&nbsp;<\/p>\n\n\n\n<p>Las IV Jornadas Intensivas de Dermatolog\u00eda se llevar\u00e1n a cabo en el Aula Magna de la Facultad de Ciencias M\u00e9dicas de la UBA, el 12, 13 y 14 de Agosto. Contar\u00e1n con un nutrido programa cient\u00edfico, donde se abordar\u00e1n los temas de la dermatolog\u00eda de manera integral de la mano de los m\u00e1s prestigiosos profesionales del pa\u00eds y un selecto equipo de Maestros Internacionales de la Dermatolog\u00eda tales como los profesores Peter Marinkovich de Estados Unidos; Lidice Dufrechou de Uruguay y Vicente Navarro Lopez de Espa\u00f1a. Para m\u00e1s informaci\u00f3n e inscripciones ingresar en <a href=\"https:\/\/lnkd.in\/dmJ6p3kQ\">https:\/\/lnkd.in\/dmJ6p3kQ<\/a>.<\/p>\n","protected":false},"excerpt":{"rendered":"<p>En un contexto de sobreinformaci\u00f3n y fake news, desde el Hospital de Cl\u00ednicas de la UBA hacen un llamado a la poblaci\u00f3n para que haga sus consultas en centros de salud peri\u00f3dicamente, y adem\u00e1s, le d\u00e9 importancia a la fotoprotecci\u00f3n diaria, la higiene suave, la hidrataci\u00f3n adecuada, evite el tabaco, tenga una dieta balanceada y&hellip;<\/p>\n","protected":false},"author":6,"featured_media":0,"parent":0,"menu_order":0,"comment_status":"closed","ping_status":"closed","template":"","meta":{"footnotes":""},"class_list":["post-8774","page","type-page","status-publish","hentry"],"aioseo_notices":[],"_links":{"self":[{"href":"https:\/\/www.hospitaldeclinicas.uba.ar\/index.php?rest_route=\/wp\/v2\/pages\/8774","targetHints":{"allow":["GET"]}}],"collection":[{"href":"https:\/\/www.hospitaldeclinicas.uba.ar\/index.php?rest_route=\/wp\/v2\/pages"}],"about":[{"href":"https:\/\/www.hospitaldeclinicas.uba.ar\/index.php?rest_route=\/wp\/v2\/types\/page"}],"author":[{"embeddable":true,"href":"https:\/\/www.hospitaldeclinicas.uba.ar\/index.php?rest_route=\/wp\/v2\/users\/6"}],"replies":[{"embeddable":true,"href":"https:\/\/www.hospitaldeclinicas.uba.ar\/index.php?rest_route=%2Fwp%2Fv2%2Fcomments&post=8774"}],"version-history":[{"count":1,"href":"https:\/\/www.hospitaldeclinicas.uba.ar\/index.php?rest_route=\/wp\/v2\/pages\/8774\/revisions"}],"predecessor-version":[{"id":8775,"href":"https:\/\/www.hospitaldeclinicas.uba.ar\/index.php?rest_route=\/wp\/v2\/pages\/8774\/revisions\/8775"}],"wp:attachment":[{"href":"https:\/\/www.hospitaldeclinicas.uba.ar\/index.php?rest_route=%2Fwp%2Fv2%2Fmedia&parent=8774"}],"curies":[{"name":"wp","href":"https:\/\/api.w.org\/{rel}","templated":true}]}}