{"id":5593,"date":"2024-07-29T09:23:52","date_gmt":"2024-07-29T12:23:52","guid":{"rendered":"https:\/\/www.hospitaldeclinicas.uba.ar\/?page_id=5593"},"modified":"2024-07-29T09:23:52","modified_gmt":"2024-07-29T12:23:52","slug":"pie-diabetico-lanzan-unas-guias-para-diagnosticar-y-tratar-mejor-esta-peligrosa-afeccion","status":"publish","type":"page","link":"https:\/\/www.hospitaldeclinicas.uba.ar\/?page_id=5593","title":{"rendered":"Pie Diab\u00e9tico: Lanzan unas gu\u00edas para diagnosticar y tratar mejor esta peligrosa afecci\u00f3n"},"content":{"rendered":"\n<p><strong>El pie diab\u00e9tico es una afecci\u00f3n que se presenta en pacientes con diabetes mal controlada y que puede llevar a la p\u00e9rdida de sensibilidad en los miembros inferiores, alteraciones en la circulaci\u00f3n sangu\u00ednea y a la formaci\u00f3n de heridas que no cicatrizan adecuadamente. Especialistas del Hospital de Cl\u00ednicas de la UBA presentar\u00e1n unas gu\u00edas en el pr\u00f3ximo Congreso Internacional de Medicina Interna.<\/strong><\/p>\n\n\n\n<p>El pie diab\u00e9tico es una complicaci\u00f3n grave y potencialmente incapacitante de la diabetes que afecta a millones de personas en todo el mundo, \u201cse estima que el 85% de las amputaciones a nivel mundial son por esta patolog\u00eda.<strong>&nbsp;La posibilidad de que una persona con diabetes presente una lesi\u00f3n en sus miembros inferiores es del 15 al 25% a lo largo de toda su vida.<\/strong>&nbsp;La recurrencia de la misma es del 50 al 70% dentro de los 5 a\u00f1os\u201d alerta el Dr. Daniel Braver, Coordinador del equipo de Pie Diab\u00e9tico del Hospital de Cl\u00ednicas de la UBA.<\/p>\n\n\n\n<p>\u201cEn su etapa inicial, el pie diabetico en algunas circunstancias no presenta s\u00edntomas claros y se suele detectar una vez que existe una herida importante en una de las piernas. Esta complicaci\u00f3n afecta tanto a hombres como a mujeres y se extiende en las distintas edades de la vida de las personas con esta patolog\u00eda. Sin embargo, es m\u00e1s com\u00fan en pacientes de edad avanzada debido a la progresi\u00f3n de la enfermedad y a la presencia de otras condiciones de salud asociadas\u201d comenta Braver.<\/p>\n\n\n\n<p><a href=\"https:\/\/www.argentina.gob.ar\/salud\/glosario\/diabetes\" target=\"_blank\" rel=\"noreferrer noopener\">En Argentina<\/a>, se estima que 4 de cada 10 personas con diabetes no saben que&nbsp;<\/p>\n\n\n\n<p>padecen dicha enfermedad. En la mayor\u00eda de los casos hay falta de s\u00edntomas evidentes en las etapas iniciales. Si el pie diab\u00e9tico no es diagnosticado a tiempo y de manera adecuada, puede desencadenar complicaciones graves como \u00falceras, deformaciones y amputaciones. Su grado de prevalencia es significativo, siendo una de las complicaciones m\u00e1s comunes y graves de la diabetes.<\/p>\n\n\n\n<p><strong>Existen dos tipos principales de pie diab\u00e9ticos:<\/strong><\/p>\n\n\n\n<p><strong>Neuropat\u00eda:<\/strong>&nbsp;Esta es una complicaci\u00f3n de la diabetes descompensada que resulta en la p\u00e9rdida de sensibilidad en los pies, lo que puede conducir a lesiones indoloras y, en casos graves, a \u00falceras que no cicatrizan adecuadamente. La neuropat\u00eda es la desencadenante de las lesiones puesto que el paciente presenta falta de sensibilidad en los miembros inferiores.<\/p>\n\n\n\n<p><strong>Enfermedad Vascular Perif\u00e9rica:<\/strong>&nbsp;Asociada con la diabetes, la obesidad, la hipertensi\u00f3n arterial y otros factores de riesgo, esta condici\u00f3n afecta las arterias de los miembros inferiores, dificultando la cicatrizaci\u00f3n de heridas y aumentando el riesgo de amputaciones. La enfermedad vascular perif\u00e9rica es la causa m\u00e1s importante de hospitalizaci\u00f3n por pie diabetico y de no cicatrizaci\u00f3n.<\/p>\n\n\n\n<p>\u201cLas gu\u00edas que presentaremos en nuestro congreso este a\u00f1o son las del International&nbsp;<strong>Working Group of Diabetic Foot<\/strong>, fundamentales en la prevenci\u00f3n, diagn\u00f3stico y tratamiento del pie diab\u00e9tico. Est\u00e1n orientadas a profesionales de la salud como m\u00e9dicos cl\u00ednicos, endocrin\u00f3logos, infect\u00f3logos, cirujanos vasculares, ortopedistas, pod\u00f3logos y enfermeros para brindarles herramientas para detectar de forma precoz esta peligrosa afecci\u00f3n pudiendo derivar en forma r\u00e1pida la patolog\u00eda y as\u00ed evitar complicaciones mayores como infecciones o amputaciones\u201d sostiene el profesional.<\/p>\n\n\n\n<p>Estas gu\u00edas buscan unificar conceptos a nivel mundial y promover la prevenci\u00f3n y el manejo efectivo del pie diab\u00e9tico en diferentes contextos de salud. Ser\u00e1n presentadas en el&nbsp;<a href=\"https:\/\/congresoclinicas.com.ar\/\" target=\"_blank\" rel=\"noreferrer noopener\">XIX Congreso Internacional de Medicina Interna 2024<\/a>&nbsp;que organiza el Hospital de Cl\u00ednicas de la UBA.<\/p>\n\n\n\n<p>\u201cLos profesionales enfrentan el desaf\u00edo de concientizar sobre el pie diab\u00e9tico y realizar campa\u00f1as de prevenci\u00f3n tanto en la comunidad m\u00e9dica como en la poblaci\u00f3n en general. La educaci\u00f3n y el control riguroso de los factores de riesgo son clave para reducir las complicaciones asociadas\u201d concluye el especialista.&nbsp;<\/p>\n\n\n\n<p>Nuestro hospital posee un Grupo especializado en Pie Diabetico compuesto por un m\u00e9dicos de varias especialidades: Coordinador, diabet\u00f3logo, infect\u00f3logo, enfermeras, pod\u00f3logos, traumat\u00f3logos y cirujanos vasculares.<\/p>\n","protected":false},"excerpt":{"rendered":"<p>El pie diab\u00e9tico es una afecci\u00f3n que se presenta en pacientes con diabetes mal controlada y que puede llevar a la p\u00e9rdida de sensibilidad en los miembros inferiores, alteraciones en la circulaci\u00f3n sangu\u00ednea y a la formaci\u00f3n de heridas que no cicatrizan adecuadamente. Especialistas del Hospital de Cl\u00ednicas de la UBA presentar\u00e1n unas gu\u00edas en&hellip;<\/p>\n","protected":false},"author":6,"featured_media":0,"parent":0,"menu_order":0,"comment_status":"closed","ping_status":"closed","template":"","meta":{"footnotes":""},"class_list":["post-5593","page","type-page","status-publish","hentry"],"aioseo_notices":[],"_links":{"self":[{"href":"https:\/\/www.hospitaldeclinicas.uba.ar\/index.php?rest_route=\/wp\/v2\/pages\/5593","targetHints":{"allow":["GET"]}}],"collection":[{"href":"https:\/\/www.hospitaldeclinicas.uba.ar\/index.php?rest_route=\/wp\/v2\/pages"}],"about":[{"href":"https:\/\/www.hospitaldeclinicas.uba.ar\/index.php?rest_route=\/wp\/v2\/types\/page"}],"author":[{"embeddable":true,"href":"https:\/\/www.hospitaldeclinicas.uba.ar\/index.php?rest_route=\/wp\/v2\/users\/6"}],"replies":[{"embeddable":true,"href":"https:\/\/www.hospitaldeclinicas.uba.ar\/index.php?rest_route=%2Fwp%2Fv2%2Fcomments&post=5593"}],"version-history":[{"count":1,"href":"https:\/\/www.hospitaldeclinicas.uba.ar\/index.php?rest_route=\/wp\/v2\/pages\/5593\/revisions"}],"predecessor-version":[{"id":5594,"href":"https:\/\/www.hospitaldeclinicas.uba.ar\/index.php?rest_route=\/wp\/v2\/pages\/5593\/revisions\/5594"}],"wp:attachment":[{"href":"https:\/\/www.hospitaldeclinicas.uba.ar\/index.php?rest_route=%2Fwp%2Fv2%2Fmedia&parent=5593"}],"curies":[{"name":"wp","href":"https:\/\/api.w.org\/{rel}","templated":true}]}}