{"id":4545,"date":"2024-07-12T09:59:01","date_gmt":"2024-07-12T12:59:01","guid":{"rendered":"https:\/\/www.hospitaldeclinicas.uba.ar\/?page_id=4545"},"modified":"2024-07-12T09:59:01","modified_gmt":"2024-07-12T12:59:01","slug":"automedicacion-un-problema-que-crece-en-argentina-2","status":"publish","type":"page","link":"https:\/\/www.hospitaldeclinicas.uba.ar\/?page_id=4545","title":{"rendered":"Automedicaci\u00f3n: un problema que crece en Argentina"},"content":{"rendered":"\n<p><strong>Cada vez m\u00e1s personas toman la iniciativa de automedicarse para aliviar dolores o molestias que se supone son pasajeros, utilizando medicamentos como anti\u00e1cidos o relajantes musculares sin orientaci\u00f3n m\u00e9dica. En Argentina los antiinflamatorios, los antigripales y los antibi\u00f3ticos encabezan la lista de los m\u00e1s consumidos por quienes eligen no consultar con profesionales. El Dr. Ra\u00fal Mej\u00eda, Jefe del Departamento de Medicina Ambulatoria del Hospital de Cl\u00ednicas de la UBA (MN 62.123), habla sobre el riesgo que tiene esto en la salud a mediano y largo plazo.&nbsp;<\/strong><\/p>\n\n\n\n<p>Uno de los factores m\u00e1s peligrosos de la automedicaci\u00f3n \u201ces que esta pr\u00e1ctica se sostiene en el tiempo, lo que suele generar da\u00f1os en el organismo, por ejemplo el uso cr\u00f3nico de antiinflamatorios puede provocar da\u00f1o al est\u00f3mago o los ri\u00f1ones. Por otra parte, la automedicaci\u00f3n puede afectar la atenci\u00f3n de problemas m\u00e1s graves como en el caso de los analg\u00e9sicos o de los antiespasm\u00f3dicos, ya que existe la posibilidad de que estos ocultan s\u00edntomas de enfermedades intestinales m\u00e1s graves por citar uno de los muchos ejemplos que existen\u201d alerta Mej\u00eda.<\/p>\n\n\n\n<p>\u201cAutomedicarse es peligroso por distintas razones entre las que se pueden mencionar los efectos adversos de los medicamentos, las condiciones particulares de una persona que podr\u00eda tener contraindicada la medicaci\u00f3n y por las posibles interacciones con otros medicamentos que consuma\u201d comenta el profesional.&nbsp;<\/p>\n\n\n\n<p>El&nbsp;<strong>Sildenafil (conocido com\u00fanmente como viagra)<\/strong>&nbsp;es otra de las medicaciones que se suele utilizar sin consulta m\u00e9dica. Esta es una droga que no se debe tomar con ciertas medicaciones como por ejemplo los llamados nitratos en el caso de pacientes con algunas enfermedades del coraz\u00f3n. Otro caso muy conflictivo, es el&nbsp; uso de antibi\u00f3ticos sin indicaci\u00f3n m\u00e9dica, adem\u00e1s de los riesgos de usar un tratamiento incorrecto y los efectos adversos de los antibi\u00f3ticos, favorece la aparici\u00f3n de resistencia a los mismos y este es uno de los grandes problemas que enfrenta la medicina moderna.&nbsp;<\/p>\n\n\n\n<p><strong>\u201cLa melatonina es una medicaci\u00f3n frecuentemente utilizada para dormir sin indicaci\u00f3n m\u00e9dica,<\/strong>&nbsp;ya que es de venta libre. En muchos casos se suele tomar combinada con antihistam\u00ednicos lo cual no es recomendable ya que genera mucha somnolencia, que se puede trasladar durante todo el d\u00eda posterior. La melatonina en realidad es una droga que sirve para mantener el ritmo circadiano, que es la relaci\u00f3n entre las horas que estamos despiertos y las horas que estamos dormidos. En la mayor\u00eda de los casos el insomnio se debe a problemas relacionados con la ansiedad o la depresi\u00f3n, el uso excesivo de est\u00edmulos como la cafe\u00edna y el uso de pantallas (celulares, tv etc) que contribuyen a las alteraciones del sue\u00f1o\u201d reflexiona Mej\u00eda.<\/p>\n\n\n\n<p><strong>Uso de psicof\u00e1rmacos: un problema dentro del problema<\/strong><\/p>\n\n\n\n<p>\u201cEn el caso de los psicof\u00e1rmacos la b\u00fasqueda de alivios inmediatos, la dificultad de profundizar en el entendimiento del malestar, la creciente complejidad en el acceso al sistema de salud y&nbsp;<strong>la facilidad en la obtenci\u00f3n de medicaci\u00f3n sin receta son los principales motivos por los que la gente elige automedicarse.<\/strong>&nbsp;Los tranquilizantes como el clonazepam y alprazolam se encuentran dentro de los f\u00e1rmacos con mayor frecuencia de uso sin prescripci\u00f3n\u201d&nbsp;sostiene la Dra. Cynthia Dunovits, del Departamento de Salud Mental del Hospital de Cl\u00ednicas de la UBA.&nbsp;<\/p>\n\n\n\n<p>\u201cLa&nbsp;automedicaci\u00f3n&nbsp;con psicof\u00e1rmacos implica riesgos de habituaci\u00f3n, es decir que se necesite cada vez m\u00e1s dosis para lograr el mismo efecto y suele generar dependencia por lo que su suspensi\u00f3n genera s\u00edntomas de abstinencia.&nbsp; La accesibilidad a estos f\u00e1rmacos y la popularidad de la que gozan se acompa\u00f1an de una subestimaci\u00f3n de los efectos de su consumo indebido llegando en muchas ocasiones a no considerarlo un psicof\u00e1rmaco. Lo cierto es que s\u00ed lo son y su potencial adictivo y nocivo es considerable\u201d comenta Dunovits.<\/p>\n\n\n\n<p>Seg\u00fan el \u00faltimo informe del&nbsp;<a href=\"https:\/\/www.indec.gob.ar\/ftp\/cuadros\/sociedad\/encoprac_2022.pdf\" target=\"_blank\" rel=\"noreferrer noopener\">Sedronar<\/a>&nbsp;del a\u00f1o 2023, la prevalencia del uso de tranquilizantes supera el 14% en Argentina. Su consumo se incrementa con la edad: con un valor menor al 9% entre las personas m\u00e1s j\u00f3venes (25 a 34 a\u00f1os) y aumenta hasta superar el 31% entre la poblaci\u00f3n de 66 a 75 a\u00f1os. Se observ\u00f3 que el 85,5% de quienes consumen adquieren los psicof\u00e1rmacos exclusivamente con receta, mientras que el 14,5% lo hace sin receta o combina ambas modalidades de adquisici\u00f3n.&nbsp;<\/p>\n\n\n\n<p>\u201c<strong>Debemos fomentar el uso responsable de los medicamentos, informando adecuadamente sobre los peligros de la automedicaci\u00f3n y eliminando por completo la idea de consumir drogas que no son estrictamente necesarias<\/strong>. Esta es una actividad que debe hacerse siempre en el marco de una consulta con un especialista m\u00e9dico. Todos debemos tomar conciencia de que cada persona es la principal responsable de su propia salud\u201d concluye Ra\u00fal Mej\u00eda.<\/p>\n","protected":false},"excerpt":{"rendered":"<p>Cada vez m\u00e1s personas toman la iniciativa de automedicarse para aliviar dolores o molestias que se supone son pasajeros, utilizando medicamentos como anti\u00e1cidos o relajantes musculares sin orientaci\u00f3n m\u00e9dica. En Argentina los antiinflamatorios, los antigripales y los antibi\u00f3ticos encabezan la lista de los m\u00e1s consumidos por quienes eligen no consultar con profesionales. El Dr. Ra\u00fal&hellip;<\/p>\n","protected":false},"author":6,"featured_media":0,"parent":0,"menu_order":0,"comment_status":"closed","ping_status":"closed","template":"","meta":{"footnotes":""},"class_list":["post-4545","page","type-page","status-publish","hentry"],"aioseo_notices":[],"_links":{"self":[{"href":"https:\/\/www.hospitaldeclinicas.uba.ar\/index.php?rest_route=\/wp\/v2\/pages\/4545","targetHints":{"allow":["GET"]}}],"collection":[{"href":"https:\/\/www.hospitaldeclinicas.uba.ar\/index.php?rest_route=\/wp\/v2\/pages"}],"about":[{"href":"https:\/\/www.hospitaldeclinicas.uba.ar\/index.php?rest_route=\/wp\/v2\/types\/page"}],"author":[{"embeddable":true,"href":"https:\/\/www.hospitaldeclinicas.uba.ar\/index.php?rest_route=\/wp\/v2\/users\/6"}],"replies":[{"embeddable":true,"href":"https:\/\/www.hospitaldeclinicas.uba.ar\/index.php?rest_route=%2Fwp%2Fv2%2Fcomments&post=4545"}],"version-history":[{"count":1,"href":"https:\/\/www.hospitaldeclinicas.uba.ar\/index.php?rest_route=\/wp\/v2\/pages\/4545\/revisions"}],"predecessor-version":[{"id":4546,"href":"https:\/\/www.hospitaldeclinicas.uba.ar\/index.php?rest_route=\/wp\/v2\/pages\/4545\/revisions\/4546"}],"wp:attachment":[{"href":"https:\/\/www.hospitaldeclinicas.uba.ar\/index.php?rest_route=%2Fwp%2Fv2%2Fmedia&parent=4545"}],"curies":[{"name":"wp","href":"https:\/\/api.w.org\/{rel}","templated":true}]}}