{"id":178,"date":"2023-03-28T12:42:09","date_gmt":"2023-03-28T12:42:09","guid":{"rendered":"http:\/\/www.hospitaldeclinicas.uba.ar\/?page_id=178"},"modified":"2023-03-28T12:48:58","modified_gmt":"2023-03-28T12:48:58","slug":"nuestra-historia","status":"publish","type":"page","link":"https:\/\/www.hospitaldeclinicas.uba.ar\/?page_id=178","title":{"rendered":"Nuestra Historia"},"content":{"rendered":"\n<p>El\u00a0Hospital de Cl\u00ednicas Jos\u00e9 de San Mart\u00edn\u00a0es el hospital-escuela insignia de nuestro pa\u00eds. Dependiente de la\u00a0<a rel=\"noreferrer noopener\" href=\"https:\/\/es.wikipedia.org\/wiki\/Universidad_de_Buenos_Aires\" target=\"_blank\">Universidad de Buenos Aires<\/a>\u00a0es la instituci\u00f3n destinada al desarrollo, incorporaci\u00f3n y difusi\u00f3n de los conocimientos m\u00e9dicos, la formaci\u00f3n de recursos humanos para la salud en todos sus tipos y niveles y la producci\u00f3n de servicios de salud para la poblaci\u00f3n nacional y local.<\/p>\n\n\n\n<p>Integra su red de hospitales universitarios y constituye el basamento organizacional para el accionar de las distintas Facultades de (Medicina, Psicolog\u00eda, Odontolog\u00eda, Farmacia y Bioqu\u00edmica) en el campo de la pr\u00e1ctica de la salud como para el desarrollo de sus actividades acad\u00e9micas y de extensi\u00f3n universitaria.<\/p>\n\n\n\n<h4 class=\"wp-block-heading\"><strong>Asistencia<\/strong><\/h4>\n\n\n\n<p>En el Cl\u00ednicas se realizan cada a\u00f1o distintas campa\u00f1as de atenci\u00f3n gratuita, destinadas a la comunidad. En ellas, se abordan los problemas de salud relevantes para la poblaci\u00f3n y se brinda diagn\u00f3stico y detecci\u00f3n precoz. Se atienden anualmente m\u00e1s de 350.000 consultas externas y se realizan m\u00e1s de 8.000 cirug\u00edas.<\/p>\n\n\n\n<h4 class=\"wp-block-heading\"><strong>Docencia<\/strong><\/h4>\n\n\n\n<p>En sus casi 40 aulas cursan por a\u00f1o 1.500 alumnos de las ciencias de la salud que cursan en 30 c\u00e1tedras de Ciencias M\u00e9dicas y 5 de Farmacia y Bioqu\u00edmica y cuenta con Residencias en 36 especialidades.<\/p>\n\n\n\n<p>Su actividad representa el compromiso acad\u00e9mico de la docencia superior, la investigaci\u00f3n y la responsabilidad social de la extensi\u00f3n \u00a0universitaria en beneficio de todo el cuerpo social.<\/p>\n\n\n\n<h4 class=\"wp-block-heading\"><strong>Investigaci\u00f3n<\/strong><\/h4>\n\n\n\n<p>El Hospital de Cl\u00ednicas publica anualmente m\u00e1s de 200 trabajos cient\u00edficos en revistas con arbitraje. Se desarrollan 48 ateneos semanales y nuestros profesionales tienen no menos de 400 participaciones en Congresos y otras reuniones cient\u00edficas tanto en nuestro pa\u00eds como en el extranjero.<\/p>\n\n\n\n<p>En el a\u00f1o 1986, con esfuerzo mancomunado de las c\u00e1tedras de Medicina del Hospital del Cl\u00ednicas, se realiz\u00f3 el primer Congreso Internacional de Medicina Interna que se mantiene por m\u00e1s de 30 a\u00f1os con la participaci\u00f3n en cada una de sus ediciones de m\u00e1s de 8000 profesionales.<\/p>\n\n\n\n<h4 class=\"wp-block-heading\"><strong>Historia<\/strong><\/h4>\n\n\n\n<p>Los or\u00edgenes del actual Hospital de Cl\u00ednicas se remontan al a\u00f1o\u00a01877, cuando comenz\u00f3 su construcci\u00f3n. Un a\u00f1o m\u00e1s tarde -y a\u00fan sin terminar- fue escenario del conflicto por la federalizaci\u00f3n de la Ciudad de\u00a0Buenos Aires\u00a0al funcionar como cuartel de rifleros y hospital de concentraci\u00f3n de heridos.<\/p>\n\n\n\n<div class=\"wp-block-media-text alignwide is-stacked-on-mobile\"><figure class=\"wp-block-media-text__media\"><img loading=\"lazy\" decoding=\"async\" width=\"300\" height=\"211\" src=\"https:\/\/www.hospitaldeclinicas.uba.ar\/wp-content\/uploads\/2023\/03\/hospi-viejo.jpg\" alt=\"\" class=\"wp-image-182 size-full\"\/><\/figure><div class=\"wp-block-media-text__content\">\n<p>La atenci\u00f3n a la comunidad comenz\u00f3 poco despu\u00e9s del conflicto de\u00a01880, momento en que Buenos Aires dejaba de ser una gran aldea y se desarrollaba para comenzar a ser la ciudad capital de\u00a0Argentina, que viv\u00eda las primeras oleadas de inmigraci\u00f3n y urbanizaci\u00f3n.<\/p>\n<\/div><\/div>\n\n\n\n<p>En sus pabellones tuvieron lugar importantes haza\u00f1as de la medicina: la primera aplicaci\u00f3n de la\u00a0insulina, la descripci\u00f3n de la\u00a0Enfermedad de Ayerza, el\u00a0s\u00edndrome de Tob\u00edas, los s\u00edndromes de Castex, el primer cateterismo card\u00edaco, las primeras residencias m\u00e9dicas, el primer Comit\u00e9 de \u00c9tica, la cirug\u00eda experimental, las primeras punciones de ri\u00f1\u00f3n y las primeras toracotom\u00edas, entre otras. La primera operaci\u00f3n filmada de la historia de la medicina, ocurri\u00f3 en este hospital. Fue en\u00a01899\u00a0y estuvo a cargo del m\u00e9dico argentino\u00a0Alejandro Posadas. La pel\u00edcula dura siete minutos y se hall\u00f3 en\u00a01971, cuando el antiguo edificio se preparaba para la demolici\u00f3n. Se exhibi\u00f3 el\u00a014 de diciembre\u00a0de\u00a02001\u00a0para celebrar el 120 aniversario del hospital.<\/p>\n","protected":false},"excerpt":{"rendered":"<p>El\u00a0Hospital de Cl\u00ednicas Jos\u00e9 de San Mart\u00edn\u00a0es el hospital-escuela insignia de nuestro pa\u00eds. Dependiente de la\u00a0Universidad de Buenos Aires\u00a0es la instituci\u00f3n destinada al desarrollo, incorporaci\u00f3n y difusi\u00f3n de los conocimientos m\u00e9dicos, la formaci\u00f3n de recursos humanos para la salud en todos sus tipos y niveles y la producci\u00f3n de servicios de salud para la poblaci\u00f3n&hellip;<\/p>\n","protected":false},"author":1,"featured_media":0,"parent":0,"menu_order":0,"comment_status":"closed","ping_status":"closed","template":"","meta":{"footnotes":""},"class_list":["post-178","page","type-page","status-publish","hentry"],"aioseo_notices":[],"_links":{"self":[{"href":"https:\/\/www.hospitaldeclinicas.uba.ar\/index.php?rest_route=\/wp\/v2\/pages\/178","targetHints":{"allow":["GET"]}}],"collection":[{"href":"https:\/\/www.hospitaldeclinicas.uba.ar\/index.php?rest_route=\/wp\/v2\/pages"}],"about":[{"href":"https:\/\/www.hospitaldeclinicas.uba.ar\/index.php?rest_route=\/wp\/v2\/types\/page"}],"author":[{"embeddable":true,"href":"https:\/\/www.hospitaldeclinicas.uba.ar\/index.php?rest_route=\/wp\/v2\/users\/1"}],"replies":[{"embeddable":true,"href":"https:\/\/www.hospitaldeclinicas.uba.ar\/index.php?rest_route=%2Fwp%2Fv2%2Fcomments&post=178"}],"version-history":[{"count":5,"href":"https:\/\/www.hospitaldeclinicas.uba.ar\/index.php?rest_route=\/wp\/v2\/pages\/178\/revisions"}],"predecessor-version":[{"id":184,"href":"https:\/\/www.hospitaldeclinicas.uba.ar\/index.php?rest_route=\/wp\/v2\/pages\/178\/revisions\/184"}],"wp:attachment":[{"href":"https:\/\/www.hospitaldeclinicas.uba.ar\/index.php?rest_route=%2Fwp%2Fv2%2Fmedia&parent=178"}],"curies":[{"name":"wp","href":"https:\/\/api.w.org\/{rel}","templated":true}]}}